{"id":123,"date":"2012-12-17T12:17:29","date_gmt":"2012-12-17T10:17:29","guid":{"rendered":"http:\/\/www.feblux.lu\/deutsch\/?page_id=123"},"modified":"2026-03-30T15:14:09","modified_gmt":"2026-03-30T13:14:09","slug":"in-the-press","status":"publish","type":"page","link":"https:\/\/www.feblux.lu\/deutsch\/news-press\/in-the-press\/","title":{"rendered":"Press &#038; Media"},"content":{"rendered":"\n<p><strong>F\u00ebBLux &#8211; In the Press<\/strong><\/p>\n\n\n<ul>\n<li style=\"text-align: justify;\">Nachhaltige Investition in Luxemburgs Zukunft : Asbl &#8222;F\u00cbB Fir \u00cbffentlech Biblioth\u00e9iken&#8220; will diese mit finanziellen Mitteln unterst\u00fctzen \/ mim. In: Luxemburger Wort. 162. Jg., N\u00b021, 26.01.2010, p. 24-25.<\/li>\n<li style=\"text-align: justify;\">Das Zuhause des Weltwissens : die neu gegr\u00fcndete Vereinigung &#8222;F\u00cbB&#8220; setzt sich f\u00fcr die Expansion und den Unterhalt \u00f6ffentlicher Bibliotheken ein \/ Emile Hengen. In: Tageblatt. 97. Jg. N\u00b021, 26.01.2010, p. 15.<\/li>\n<li style=\"text-align: justify;\">Un placement sans risque : cr\u00e9ation de l&#8217;association &#8222;Fir \u00cbffentlech Biblioth\u00e9iken&#8220;\u00a0 \/ Sonia da Silva. In: La Voix du Luxembourg. 9e ann\u00e9e, N\u00b021, 26.01.2010, p. 14.<\/li>\n<li style=\"text-align: justify;\">Un appel \u00e0 l&#8217;aide : pour cr\u00e9er des biblioth\u00e8ques de lecture publiques [!], il faut de l&#8217;argent, beaucoup d&#8217;argent. C&#8217;est pour en r\u00e9colter que s&#8217;est cr\u00e9\u00e9e l&#8217;ASBL Fir \u00cbffentlech Biblioth\u00e9iken (F\u00cbB). In: Le Quotidien. 10e ann\u00e9e, N\u00b021, 26.01.2010, p. 3.<\/li>\n<li style=\"text-align: justify;\">Erg\u00e4nzung zur staatlichen F\u00f6rderung der \u00f6ffentlichen Bibliotheken : &#8222;F\u00cbB Fir \u00cbffentlech Biblioth\u00e9iken&#8220; asbl. stellt sich vor \/ jk. In: L\u00ebtzebuerger Journal. 63. Jg., N\u00b017, 26.01.2010, p. [15].<\/li>\n<li style=\"text-align: justify;\">Au nom du livre : politique culturelle \/ Jos\u00e9e Hansen. In: d&#8217;L\u00ebtzebuerger Land. 57. Jg., Nr. 4, 29.01.2010, p. 5 (Rectificatif Nr. 5, 05.02.2010, p. 4).<\/li>\n<li style=\"text-align: justify;\">Wenn zwei sich streiten &#8230; : Bibliotheken \/ Richard Graf. In: Woxx. Nr. 1043, 29.01.2010, p. 4.<\/li>\n<li style=\"text-align: justify;\">Bibliothekssterben verhindern : neue B\u00fcrgerstiftung. In: Tel\u00e9cran. Nr. 6, 03.02.2010, p. 128.<\/li>\n<li style=\"text-align: justify;\">Die Bibliothek der vergessenen B\u00fccher : Editorial \/ Margot Antony. In: L\u00ebtzebuerger Journal. 63. Jg., N\u00b024, 04.02.2010, p. 3.<\/li>\n<li style=\"text-align: justify;\">&#8222;Haben Sie mal &#8217;nen Euro f\u00fcr Bibliotheken?&#8220; : B\u00fcrgerstiftungen als langfristiges Mittel gegen Krisen ; das Beispiel Luxemburg \/ Jean-Marie Reding. In: BuB, Forum Bibliothek, 62. Jg.,\u00a0N\u00b04, April 2010, p. 278-279.<\/li>\n<li style=\"text-align: justify;\">Bibliotheken unterst\u00fctzen\u00a0 : Vereinigung &#8222;Fir \u00cbffentlech Biblioth\u00e9iken zog Bilanz \/ rsd. In: Luxemburger Wort. N\u00b042, 19.02.2011, p. 28.<\/li>\n<li style=\"text-align: justify;\">Jahreshauptversammlung der F\u00cbB in D\u00fcdelingen : B\u00fcrgerstiftung auf der Suche nach Spendern \/ Gast. Speck. In: L\u00ebtzebuerger Journal. N\u00b035, 19.02.2011, p. 16.<\/li>\n<li style=\"text-align: justify;\">Mehr \u00f6ffentliche Bibliotheken gefordert :\u00a0 Verb\u00e4nde Albad und F\u00ebb zogen Bilanz \/ BFF. In: Luxemburger Wort. 09.02.2012, p. 22.<\/li>\n<li style=\"text-align: justify;\">Opfer ihres eigenen Erfolges : &#8222;Fir \u00cbffentlech Biblioth\u00e9iken&#8220; und &#8222;Albad&#8220; ziehen Bilanz \/ G[ilbert].L[inster]. In: Luxemburger Wort. 03.04.2013, p. 16.<\/li>\n<li style=\"text-align: justify;\">La collecte priv\u00e9e de fonds pour biblioth\u00e8ques : un exemple du Luxembourg \/ Jean-Marie Reding. In: Biblioth\u00e8que(s) : revue de l&#8217;Association des Biblioth\u00e9caires de France (ABF). N\u00b077, d\u00e9cembre 2014, p. 70-73.<\/li>\n<li style=\"text-align: justify;\">Neuer Name, gleiche Ziele\u00a0:\u00a0&#8222;Fir \u00ebffentlech Biblioth\u00e9iken, L\u00ebtzebuerg&#8220; zieht Bilanz \/ (C[ommuniqu\u00e9]). In: Luxemburger Wort. 168. Jg., N\u00b095, 22.04.2016, p. 45 (mywort, M9).<\/li>\n<li>Clarinval, France: Une loi disproportionn\u00e9e\u00a0: le projet de loi pour soutenir les biblioth\u00e8ques publiques enthousiasme peu le terrain. In: d\u2019L\u00ebtzebuerger Land, 72. Jg., N\u00b043, 24.10.2025, p. 16-17.<\/li>\n<li>Conrad, Daniel: Der Kampf um die richtige Zukunft f\u00fcr Luxemburgs Bibliotheken l\u00e4uft. In: Luxemburger Wort, 178. Jg., N\u00b046, 24.02.2026, p. 32.<\/li>\n<li>Thill, Marc: [Leitartikel] Ein Land mit 34 Sprachen, aber ohne passende Bibliothekspolitik. In: Luxemburger Wort, 178. Jg., N\u00b071, 25.03.2026, p. 2.<\/li>\n<\/ul>\n<p>&nbsp;<\/p>\n<p><strong>About public libraries in Luxembourg &#8211; For the Press<\/strong><\/p>\n<ul>\n<li>Reding, Jean-Marie: Freie Bibliotheken. &#8211; In: d&#8217;L\u00ebtzebuerger Land. &#8211; Luxembourg. \u2013 60. Jg., N\u00b013, 29.03.2013, S. 14. <a href=\"https:\/\/www.land.lu\/page\/article\/233\/6233\/FRE\/index.html\">https:\/\/www.land.lu\/page\/article\/233\/6233\/FRE\/index.html<\/a><\/li>\n<li>Reding, Jean-Marie: &#8222;De Bicherschaf&#8220; : Anleitung zur Verhinderung von Giftschr\u00e4nken im \u00f6ffentlichen Raum. &#8211; In: d&#8217;L\u00ebtzebuerger Land. &#8211; Luxembourg. \u2013 64. Jg., N\u00b017, 28.04.2017, S. 12. <a href=\"https:\/\/www.land.lu\/page\/article\/852\/332852\/DEU\/index.html\">https:\/\/www.land.lu\/page\/article\/852\/332852\/DEU\/index.html<\/a><\/li>\n<li>Reding, Jean-Marie: Auslaufmodell Volksbibliothek? : wie sich \u00f6ffentliche Bibliotheken seit 50 Jahren international weiterentwickeln. &#8211; In: d&#8217;L\u00ebtzebuerger Land. &#8211; Luxembourg. \u2013 67. Jg., N\u00b017, 24.04.2020, S. 13. <a href=\"https:\/\/www.land.lu\/page\/article\/687\/336687\/DEU\/index.html\">https:\/\/www.land.lu\/page\/article\/687\/336687\/DEU\/index.html<\/a><\/li>\n<li>Reding, Jean-Marie: Vom B\u00fccherschrank zur Gemeindebibliothek : eine positive bibliothekspolitische Evolution bahnt sich endlich an. &#8211; In: d&#8217;L\u00ebtzebuerger Land. &#8211; Luxembourg. \u2013 70. Jg., N\u00b023, 09.06.2023, S. 12-13. <a href=\"https:\/\/www.land.lu\/page\/article\/499\/340499\/FRE\/index.html\">https:\/\/www.land.lu\/page\/article\/499\/340499\/FRE\/index.html<\/a><\/li>\n<\/ul>\n<p>&nbsp;<\/p>\n<p style=\"text-align: justify;\">\u00a0<\/p>","protected":false},"excerpt":{"rendered":"<p>F\u00ebBLux &#8211; In the Press Nachhaltige Investition in Luxemburgs Zukunft : Asbl &#8222;F\u00cbB Fir \u00cbffentlech Biblioth\u00e9iken&#8220; will diese mit finanziellen [&hellip;]<\/p>\n","protected":false},"author":2,"featured_media":0,"parent":47,"menu_order":1,"comment_status":"closed","ping_status":"closed","template":"","meta":{"footnotes":""},"class_list":["post-123","page","type-page","status-publish","hentry"],"_links":{"self":[{"href":"https:\/\/www.feblux.lu\/deutsch\/wp-json\/wp\/v2\/pages\/123","targetHints":{"allow":["GET"]}}],"collection":[{"href":"https:\/\/www.feblux.lu\/deutsch\/wp-json\/wp\/v2\/pages"}],"about":[{"href":"https:\/\/www.feblux.lu\/deutsch\/wp-json\/wp\/v2\/types\/page"}],"author":[{"embeddable":true,"href":"https:\/\/www.feblux.lu\/deutsch\/wp-json\/wp\/v2\/users\/2"}],"replies":[{"embeddable":true,"href":"https:\/\/www.feblux.lu\/deutsch\/wp-json\/wp\/v2\/comments?post=123"}],"version-history":[{"count":19,"href":"https:\/\/www.feblux.lu\/deutsch\/wp-json\/wp\/v2\/pages\/123\/revisions"}],"predecessor-version":[{"id":2048,"href":"https:\/\/www.feblux.lu\/deutsch\/wp-json\/wp\/v2\/pages\/123\/revisions\/2048"}],"up":[{"embeddable":true,"href":"https:\/\/www.feblux.lu\/deutsch\/wp-json\/wp\/v2\/pages\/47"}],"wp:attachment":[{"href":"https:\/\/www.feblux.lu\/deutsch\/wp-json\/wp\/v2\/media?parent=123"}],"curies":[{"name":"wp","href":"https:\/\/api.w.org\/{rel}","templated":true}]}}

<p><strong>FëBLux &#8211; In the Press</strong></p>


<ul>
<li style="text-align: justify;">Nachhaltige Investition in Luxemburgs Zukunft : Asbl &#8222;FËB Fir Ëffentlech Bibliothéiken&#8220; will diese mit finanziellen Mitteln unterstützen / mim. In: Luxemburger Wort. 162. Jg., N°21, 26.01.2010, p. 24-25.</li>
<li style="text-align: justify;">Das Zuhause des Weltwissens : die neu gegründete Vereinigung &#8222;FËB&#8220; setzt sich für die Expansion und den Unterhalt öffentlicher Bibliotheken ein / Emile Hengen. In: Tageblatt. 97. Jg. N°21, 26.01.2010, p. 15.</li>
<li style="text-align: justify;">Un placement sans risque : création de l&#8217;association &#8222;Fir Ëffentlech Bibliothéiken&#8220;  / Sonia da Silva. In: La Voix du Luxembourg. 9e année, N°21, 26.01.2010, p. 14.</li>
<li style="text-align: justify;">Un appel à l&#8217;aide : pour créer des bibliothèques de lecture publiques [!], il faut de l&#8217;argent, beaucoup d&#8217;argent. C&#8217;est pour en récolter que s&#8217;est créée l&#8217;ASBL Fir Ëffentlech Bibliothéiken (FËB). In: Le Quotidien. 10e année, N°21, 26.01.2010, p. 3.</li>
<li style="text-align: justify;">Ergänzung zur staatlichen Förderung der öffentlichen Bibliotheken : &#8222;FËB Fir Ëffentlech Bibliothéiken&#8220; asbl. stellt sich vor / jk. In: Lëtzebuerger Journal. 63. Jg., N°17, 26.01.2010, p. [15].</li>
<li style="text-align: justify;">Au nom du livre : politique culturelle / Josée Hansen. In: d&#8217;Lëtzebuerger Land. 57. Jg., Nr. 4, 29.01.2010, p. 5 (Rectificatif Nr. 5, 05.02.2010, p. 4).</li>
<li style="text-align: justify;">Wenn zwei sich streiten &#8230; : Bibliotheken / Richard Graf. In: Woxx. Nr. 1043, 29.01.2010, p. 4.</li>
<li style="text-align: justify;">Bibliothekssterben verhindern : neue Bürgerstiftung. In: Telécran. Nr. 6, 03.02.2010, p. 128.</li>
<li style="text-align: justify;">Die Bibliothek der vergessenen Bücher : Editorial / Margot Antony. In: Lëtzebuerger Journal. 63. Jg., N°24, 04.02.2010, p. 3.</li>
<li style="text-align: justify;">&#8222;Haben Sie mal &#8217;nen Euro für Bibliotheken?&#8220; : Bürgerstiftungen als langfristiges Mittel gegen Krisen ; das Beispiel Luxemburg / Jean-Marie Reding. In: BuB, Forum Bibliothek, 62. Jg., N°4, April 2010, p. 278-279.</li>
<li style="text-align: justify;">Bibliotheken unterstützen  : Vereinigung &#8222;Fir Ëffentlech Bibliothéiken zog Bilanz / rsd. In: Luxemburger Wort. N°42, 19.02.2011, p. 28.</li>
<li style="text-align: justify;">Jahreshauptversammlung der FËB in Düdelingen : Bürgerstiftung auf der Suche nach Spendern / Gast. Speck. In: Lëtzebuerger Journal. N°35, 19.02.2011, p. 16.</li>
<li style="text-align: justify;">Mehr öffentliche Bibliotheken gefordert :  Verbände Albad und Fëb zogen Bilanz / BFF. In: Luxemburger Wort. 09.02.2012, p. 22.</li>
<li style="text-align: justify;">Opfer ihres eigenen Erfolges : &#8222;Fir Ëffentlech Bibliothéiken&#8220; und &#8222;Albad&#8220; ziehen Bilanz / G[ilbert].L[inster]. In: Luxemburger Wort. 03.04.2013, p. 16.</li>
<li style="text-align: justify;">La collecte privée de fonds pour bibliothèques : un exemple du Luxembourg / Jean-Marie Reding. In: Bibliothèque(s) : revue de l&#8217;Association des Bibliothécaires de France (ABF). N°77, décembre 2014, p. 70-73.</li>
<li style="text-align: justify;">Neuer Name, gleiche Ziele : &#8222;Fir ëffentlech Bibliothéiken, Lëtzebuerg&#8220; zieht Bilanz / (C[ommuniqué]). In: Luxemburger Wort. 168. Jg., N°95, 22.04.2016, p. 45 (mywort, M9).</li>
<li>Clarinval, France: Une loi disproportionnée : le projet de loi pour soutenir les bibliothèques publiques enthousiasme peu le terrain. In: d’Lëtzebuerger Land, 72. Jg., N°43, 24.10.2025, p. 16-17.</li>
<li>Conrad, Daniel: Der Kampf um die richtige Zukunft für Luxemburgs Bibliotheken läuft. In: Luxemburger Wort, 178. Jg., N°46, 24.02.2026, p. 32.</li>
<li>Thill, Marc: [Leitartikel] Ein Land mit 34 Sprachen, aber ohne passende Bibliothekspolitik. In: Luxemburger Wort, 178. Jg., N°71, 25.03.2026, p. 2.</li>
</ul>
<p>&nbsp;</p>
<p><strong>About public libraries in Luxembourg &#8211; For the Press</strong></p>
<ul>
<li>Reding, Jean-Marie: Freie Bibliotheken. &#8211; In: d&#8217;Lëtzebuerger Land. &#8211; Luxembourg. – 60. Jg., N°13, 29.03.2013, S. 14. <a href="https://www.land.lu/page/article/233/6233/FRE/index.html">https://www.land.lu/page/article/233/6233/FRE/index.html</a></li>
<li>Reding, Jean-Marie: &#8222;De Bicherschaf&#8220; : Anleitung zur Verhinderung von Giftschränken im öffentlichen Raum. &#8211; In: d&#8217;Lëtzebuerger Land. &#8211; Luxembourg. – 64. Jg., N°17, 28.04.2017, S. 12. <a href="https://www.land.lu/page/article/852/332852/DEU/index.html">https://www.land.lu/page/article/852/332852/DEU/index.html</a></li>
<li>Reding, Jean-Marie: Auslaufmodell Volksbibliothek? : wie sich öffentliche Bibliotheken seit 50 Jahren international weiterentwickeln. &#8211; In: d&#8217;Lëtzebuerger Land. &#8211; Luxembourg. – 67. Jg., N°17, 24.04.2020, S. 13. <a href="https://www.land.lu/page/article/687/336687/DEU/index.html">https://www.land.lu/page/article/687/336687/DEU/index.html</a></li>
<li>Reding, Jean-Marie: Vom Bücherschrank zur Gemeindebibliothek : eine positive bibliothekspolitische Evolution bahnt sich endlich an. &#8211; In: d&#8217;Lëtzebuerger Land. &#8211; Luxembourg. – 70. Jg., N°23, 09.06.2023, S. 12-13. <a href="https://www.land.lu/page/article/499/340499/FRE/index.html">https://www.land.lu/page/article/499/340499/FRE/index.html</a></li>
</ul>
<p>&nbsp;</p>
<p style="text-align: justify;"> </p>

<p>FëBLux &#8211; In the Press Nachhaltige Investition in Luxemburgs Zukunft : Asbl &#8222;FËB Fir Ëffentlech Bibliothéiken&#8220; will diese mit finanziellen [&hellip;]</p>
